{"id":354,"date":"2023-12-27T09:57:38","date_gmt":"2023-12-27T12:57:38","guid":{"rendered":"https:\/\/site.cacoal.ro.gov.br\/?page_id=354"},"modified":"2024-02-16T07:27:18","modified_gmt":"2024-02-16T11:27:18","slug":"servico-de-informacao-ao-cidadao","status":"publish","type":"page","link":"https:\/\/pagina.cacoal.ro.gov.br\/?page_id=354","title":{"rendered":"Servi\u00e7o de Informa\u00e7\u00e3o ao Cidad\u00e3o"},"content":{"rendered":"\r\n<h2 class=\"wp-block-heading\">Bem vindo!<\/h2>\r\n\r\n\r\n\r\n<p>O\u00a0<strong>e-SIC<\/strong>\u00a0<em>(Sistema Eletr\u00f4nico do Servi\u00e7o de Informa\u00e7\u00f5es ao Cidad\u00e3o)<\/em>\u00a0permite que qualquer pessoa, f\u00edsica ou jur\u00eddica, encaminhe pedidos de\u00a0<strong>acesso a informa\u00e7\u00e3o<\/strong>\u00a0para \u00f3rg\u00e3os e entidades do\u00a0<strong>Poder Executivo da Prefeitura de Cacoal<\/strong>.<\/p>\r\n\r\n\r\n\r\n<p>Por meio do sistema, al\u00e9m de fazer o pedido, ser\u00e1 poss\u00edvel\u00a0<strong>acompanhar o prazo<\/strong>\u00a0pelo n\u00famero de protocolo gerado e\u00a0<strong>receber a resposta<\/strong>\u00a0da solicita\u00e7\u00e3o por e-mail; entrar com recursos, apresentar reclama\u00e7\u00f5es e consultar as respostas recebidas. O objetivo \u00e9 facilitar o exerc\u00edcio do direito de acesso \u00e0s informa\u00e7\u00f5es p\u00fablicas.<\/p>\r\n\r\n\r\n\r\n<div class=\"wp-block-group is-nowrap is-layout-flex wp-container-core-group-layout-1 wp-block-group-is-layout-flex\"><div class=\"wp-block-image\">\r\n<figure class=\"aligncenter is-resized\"><a href=\"http:\/\/transparencia.cacoal.ro.gov.br\/portaltransparencia\/esic\" target=\"_blank\" rel=\"noreferrer noopener\"><img decoding=\"async\" class=\"wp-image-4502\" style=\"width: 121px; height: auto;\" src=\"https:\/\/www.cacoal.ro.gov.br\/wp-content\/uploads\/2019\/08\/faca-seu-pedido-298x300.png\" alt=\"\" \/><\/a><\/figure><\/div>\r\n\r\n<div class=\"wp-block-image\">\r\n<figure class=\"aligncenter is-resized\"><a href=\"https:\/\/transparencia.cacoal.ro.gov.br\/portaltransparencia\/esic\/estatisticas\" target=\"_blank\" rel=\"noreferrer noopener\"><img decoding=\"async\" class=\"wp-image-4505\" style=\"width: 123px; height: auto;\" src=\"https:\/\/www.cacoal.ro.gov.br\/wp-content\/uploads\/2019\/08\/e-sic-estatistica-298x300.png\" alt=\"\" \/><\/a><\/figure><\/div>\r\n\r\n<div class=\"wp-block-image\">\r\n<figure class=\"aligncenter is-resized\"><a href=\"http:\/\/transparencia.cacoal.ro.gov.br\/portaltransparencia\/sic-fisico\" target=\"_blank\" rel=\"noreferrer noopener\"><img decoding=\"async\" class=\"wp-image-4509\" style=\"width: 127px; height: auto;\" src=\"https:\/\/www.cacoal.ro.gov.br\/wp-content\/uploads\/2019\/08\/sic-presencial-298x300.png\" alt=\"\" \/><\/a><\/figure><\/div>\r\n\r\n<div class=\"wp-block-image\">\r\n<figure class=\"aligncenter is-resized\"><a href=\"https:\/\/cgm.cacoal.ro.gov.br\/sistema\/form_e-sic\"><img decoding=\"async\" class=\"wp-image-11175\" style=\"width: 127px; height: auto;\" src=\"https:\/\/www.cacoal.ro.gov.br\/wp-content\/uploads\/2023\/07\/e-sic.jpg\" alt=\"\" \/><\/a><\/figure><\/div><\/div>\r\n\r\n\r\n\r\n<h2 class=\"wp-block-heading\">Lei de Acesso \u00e0 Informa\u00e7\u00e3o<\/h2>\r\n\r\n\r\n\r\n<ul>\r\n<li><a href=\"http:\/\/www.planalto.gov.br\/ccivil_03\/constituicao\/constituicao.htm\" target=\"_blank\" rel=\"noreferrer noopener\">Constitui\u00e7\u00e3o Federal Atualizada<\/a><\/li>\r\n\r\n\r\n\r\n<li><a href=\"http:\/\/www.planalto.gov.br\/ccivil_03\/leis\/LCP\/Lcp101.htm\" target=\"_blank\" rel=\"noreferrer noopener\">Lei 101\/2000 \u2013 Lei de Responsabilidade Fiscal<\/a><\/li>\r\n\r\n\r\n\r\n<li><a href=\"http:\/\/www.planalto.gov.br\/ccivil_03\/leis\/lcp\/lcp131.htm\" target=\"_blank\" rel=\"noreferrer noopener\">Lei Complementar n\u00b0 131, de 27 maio de 2009<\/a><\/li>\r\n\r\n\r\n\r\n<li><a href=\"http:\/\/www.planalto.gov.br\/ccivil_03\/_ato2011-2014\/2011\/lei\/l12527.htm\" target=\"_blank\" rel=\"noreferrer noopener\">Lei Federal 12527, de 18 de novembro de 2011<\/a><\/li>\r\n\r\n\r\n\r\n<li><a href=\"https:\/\/www.cacoal.ro.gov.br\/wp-content\/uploads\/2019\/08\/Decreto-Municipal-6544-2017-Lai.pdf\">Decreto Municipal 6544-2017 (Regulamenta o Acesso a Informa\u00e7\u00e3o)<\/a><\/li>\r\n<\/ul>\r\n\r\n\r\n\r\n<h2 class=\"wp-block-heading\">Sobre a Lei 12.527 \u2013 LAI (Lei de Acesso \u00e0 Informa\u00e7\u00e3o)<\/h2>\r\n\r\n\r\n\r\n<p>A Lei n\u00ba 12.527, sancionada em 18 de novembro de 2011, regulamenta o direito constitucional de acesso dos cidad\u00e3os \u00e0s informa\u00e7\u00f5es p\u00fablicas e \u00e9 aplic\u00e1vel aos tr\u00eas Poderes da Uni\u00e3o, dos Estados, do Distrito Federal e dos Munic\u00edpios e representa um importante passo na consolida\u00e7\u00e3o do regime democr\u00e1tico brasileiro e no fortalecimento das pol\u00edticas de transpar\u00eancia p\u00fablica.<\/p>\r\n\r\n\r\n\r\n<p>Atrav\u00e9s da Lei fica estabelecido que as informa\u00e7\u00f5es de interesse coletivo ou geral dever\u00e3o ser divulgadas de of\u00edcio pelos \u00f3rg\u00e3os p\u00fablicos, espont\u00e2nea e proativamente, independentemente de solicita\u00e7\u00f5es. Al\u00e9m disso, o art. 8\u00ba da Lei prev\u00ea um rol m\u00ednimo de informa\u00e7\u00f5es que os \u00f3rg\u00e3os e entidades p\u00fablicas devem obrigatoriamente divulgar na internet.<\/p>\r\n","protected":false},"excerpt":{"rendered":"<p>Bem vindo! O\u00a0e-SIC\u00a0(Sistema Eletr\u00f4nico do Servi\u00e7o de Informa\u00e7\u00f5es ao Cidad\u00e3o)\u00a0permite que qualquer pessoa, f\u00edsica ou jur\u00eddica, encaminhe pedidos de\u00a0acesso a informa\u00e7\u00e3o\u00a0para \u00f3rg\u00e3os e entidades do\u00a0Poder Executivo da Prefeitura de Cacoal. &#8230;<\/p>\n","protected":false},"author":1,"featured_media":0,"parent":0,"menu_order":0,"comment_status":"closed","ping_status":"closed","template":"","meta":{"footnotes":""},"_links":{"self":[{"href":"https:\/\/pagina.cacoal.ro.gov.br\/index.php?rest_route=\/wp\/v2\/pages\/354"}],"collection":[{"href":"https:\/\/pagina.cacoal.ro.gov.br\/index.php?rest_route=\/wp\/v2\/pages"}],"about":[{"href":"https:\/\/pagina.cacoal.ro.gov.br\/index.php?rest_route=\/wp\/v2\/types\/page"}],"author":[{"embeddable":true,"href":"https:\/\/pagina.cacoal.ro.gov.br\/index.php?rest_route=\/wp\/v2\/users\/1"}],"replies":[{"embeddable":true,"href":"https:\/\/pagina.cacoal.ro.gov.br\/index.php?rest_route=%2Fwp%2Fv2%2Fcomments&post=354"}],"version-history":[{"count":3,"href":"https:\/\/pagina.cacoal.ro.gov.br\/index.php?rest_route=\/wp\/v2\/pages\/354\/revisions"}],"predecessor-version":[{"id":1316,"href":"https:\/\/pagina.cacoal.ro.gov.br\/index.php?rest_route=\/wp\/v2\/pages\/354\/revisions\/1316"}],"wp:attachment":[{"href":"https:\/\/pagina.cacoal.ro.gov.br\/index.php?rest_route=%2Fwp%2Fv2%2Fmedia&parent=354"}],"curies":[{"name":"wp","href":"https:\/\/api.w.org\/{rel}","templated":true}]}}