{"id":1472,"date":"2024-02-23T08:14:50","date_gmt":"2024-02-23T12:14:50","guid":{"rendered":"https:\/\/site.cacoal.ro.gov.br\/?page_id=1472"},"modified":"2024-02-23T11:36:31","modified_gmt":"2024-02-23T15:36:31","slug":"revisao-do-plano-diretor","status":"publish","type":"page","link":"https:\/\/pagina.cacoal.ro.gov.br\/?page_id=1472","title":{"rendered":"Revis\u00e3o do Plano Diretor"},"content":{"rendered":"<div class=\"\" style=\"\" >\n    \n    <section class=\"u-clearfix u-container-align-center u-section-2\" id=\"sec-9b67\">\n      <div class=\"u-clearfix u-sheet u-sheet-1\">\n        <p class=\"u-text u-text-black u-text-default u-text-1\" data-animation-name=\"fadeIn\" data-animation-duration=\"1000\" data-animation-delay=\"0\"> Confira abaixo a biblioteca de documentos do processo de revis\u00e3o do Plano Diretor Municipal dispon\u00edveis para download. Para ter acesso aos produtos basta clicar sobre a imagem referente ao arquivo. Nossa biblioteca poder\u00e1 ter arquivos em diversos formatos, como: PDF, DOC, ZIP e RAR.Cabe ressaltar que a empresa L\u00edder Engenharia e Gest\u00e3o de Cidades \u00e9 respons\u00e1vel pelos produtos previstos no Termo de Refer\u00eancia.<br>\n          <br>RELAT\u00d3RIOS:\n        <\/p>\n        <div class=\"u-expanded-width u-list u-list-1\">\n          <div class=\"u-repeater u-repeater-1\">\n            <div class=\"u-container-style u-file-link u-list-item u-repeater-item\" data-href=\"https:\/\/pagina.cacoal.ro.gov.br\/wp-content\/uploads\/2024\/02\/Etapa-I-Plano-de-Trabalho-e-Processo-Participativo.pdf\" data-target=\"_blank\">\n              <div class=\"u-container-layout u-similar-container u-container-layout-1\">\n                <img decoding=\"async\" alt=\"\" class=\"custom-expanded u-align-center u-image u-image-round u-radius u-image-1\" data-image-width=\"724\" data-image-height=\"1024\" src=\"https:\/\/pagina.cacoal.ro.gov.br\/wp-content\/uploads\/2024\/02\/Etapa-I-Plano-de-Trabalho-e-Processo-Participativo-724x1024-1.png\" data-animation-name=\"fadeIn\" data-animation-duration=\"1000\" data-animation-delay=\"0\">\n              <\/div>\n            <\/div>\n            <div class=\"u-container-style u-file-link u-list-item u-repeater-item\" data-href=\"https:\/\/pagina.cacoal.ro.gov.br\/wp-content\/uploads\/2024\/02\/Etapa-II-Diagnostico-Municipal.pdf\" data-target=\"_blank\">\n              <div class=\"u-container-layout u-similar-container u-container-layout-2\">\n                <img decoding=\"async\" alt=\"\" class=\"custom-expanded u-align-center u-image u-image-round u-radius u-image-2\" data-image-width=\"724\" data-image-height=\"1024\" src=\"https:\/\/pagina.cacoal.ro.gov.br\/wp-content\/uploads\/2024\/02\/Etapa-II-Diagnostico-Municipal-724x1024-1.png\" data-animation-name=\"fadeIn\" data-animation-duration=\"1000\" data-animation-delay=\"0\">\n              <\/div>\n            <\/div>\n            <div class=\"u-container-style u-file-link u-list-item u-repeater-item\" data-href=\"https:\/\/pagina.cacoal.ro.gov.br\/wp-content\/uploads\/2024\/02\/Etapa-III-Proposta-Tecnica-para-Revisao-do-PDM-e-Lei-de-Uso-e-Ocupacao-do-Solo.pdf\" data-target=\"_blank\">\n              <div class=\"u-container-layout u-similar-container u-container-layout-3\">\n                <img decoding=\"async\" alt=\"\" class=\"custom-expanded u-align-center u-image u-image-round u-radius u-image-3\" data-image-width=\"727\" data-image-height=\"1024\" src=\"https:\/\/pagina.cacoal.ro.gov.br\/wp-content\/uploads\/2024\/02\/Etapa-III-Proposta-Tecnica-para-Revisao-do-PDM-e-Lei-de-Uso-e-Ocupacao-do-Solo-727x1024-1.png\" data-animation-name=\"fadeIn\" data-animation-duration=\"1000\" data-animation-delay=\"0\">\n              <\/div>\n            <\/div>\n            <div class=\"u-container-style u-file-link u-list-item u-repeater-item\" data-href=\"https:\/\/pagina.cacoal.ro.gov.br\/wp-content\/uploads\/2024\/02\/Etapa-IV-Consolidacao-das-Contribuicoes-e-Proposta-Final.pdf\" data-target=\"_blank\">\n              <div class=\"u-container-layout u-similar-container u-container-layout-4\">\n                <img decoding=\"async\" alt=\"\" class=\"custom-expanded u-align-center u-image u-image-round u-radius u-image-4\" data-image-width=\"727\" data-image-height=\"1024\" src=\"https:\/\/pagina.cacoal.ro.gov.br\/wp-content\/uploads\/2024\/02\/6a-Etapa-Consolidacao-das-Contribuicoes-e-Proposta-Final-VF-1-727x1024-1.png\" data-animation-name=\"fadeIn\" data-animation-duration=\"1000\" data-animation-delay=\"0\">\n              <\/div>\n            <\/div>\n            <div class=\"u-container-style u-file-link u-list-item u-repeater-item\" data-href=\"https:\/\/pagina.cacoal.ro.gov.br\/wp-content\/uploads\/2024\/02\/Relatorio%20de%20Atividades.pdf\" data-target=\"_blank\">\n              <div class=\"u-container-layout u-similar-container u-container-layout-5\">\n                <img decoding=\"async\" alt=\"\" class=\"custom-expanded u-align-center u-image u-image-round u-radius u-image-5\" data-image-width=\"724\" data-image-height=\"1024\" src=\"https:\/\/pagina.cacoal.ro.gov.br\/wp-content\/uploads\/2024\/02\/Capa-724x1024-1.png\" data-animation-name=\"fadeIn\" data-animation-duration=\"1000\" data-animation-delay=\"0\">\n              <\/div>\n            <\/div>\n            <div class=\"u-container-style u-file-link u-list-item u-repeater-item\" data-href=\"https:\/\/pagina.cacoal.ro.gov.br\/wp-content\/uploads\/2024\/02\/Termo-de-Referencia.pdf\" data-target=\"_blank\">\n              <div class=\"u-container-layout u-similar-container u-container-layout-6\">\n                <img decoding=\"async\" alt=\"\" class=\"custom-expanded u-align-center u-image u-image-round u-radius u-image-6\" data-image-width=\"724\" data-image-height=\"1024\" src=\"https:\/\/pagina.cacoal.ro.gov.br\/wp-content\/uploads\/2024\/02\/DocumentosGerais.jpg\" data-animation-name=\"fadeIn\" data-animation-duration=\"1000\" data-animation-delay=\"0\">\n              <\/div>\n            <\/div>\n          <\/div>\n        <\/div>\n      <\/div>\n    <\/section>\n    <section class=\"u-align-left u-clearfix u-section-3\" id=\"sec-2a61\">\n      <div class=\"u-clearfix u-sheet u-sheet-1\">\n        <h3 class=\"u-align-center u-text u-text-black u-text-default u-text-1\"> LEITURAS INDICADAS:<\/h3>\n        <div class=\"u-expanded-width u-list u-list-1\">\n          <div class=\"u-repeater u-repeater-1\">\n            <div class=\"u-container-style u-list-item u-repeater-item\" data-href=\"https:\/\/pagina.cacoal.ro.gov.br\/wp-content\/uploads\/2024\/02\/CFedereal.pdf\" data-target=\"_blank\">\n              <div class=\"u-container-layout u-similar-container u-valign-bottom u-container-layout-1\">\n                <img decoding=\"async\" class=\"custom-expanded u-align-center u-image u-image-round u-radius u-image-1\" src=\"https:\/\/pagina.cacoal.ro.gov.br\/wp-content\/uploads\/2024\/02\/Constituicao-2-768x1003-1.png\" data-image-width=\"768\" data-image-height=\"1003\" data-animation-name=\"fadeIn\" data-animation-duration=\"1000\" data-animation-delay=\"0\">\n              <\/div>\n            <\/div>\n            <div class=\"u-container-style u-list-item u-repeater-item\" data-href=\"https:\/\/pagina.cacoal.ro.gov.br\/wp-content\/uploads\/2024\/02\/Estatuto-da-Cidade-Senado.pdf\" data-target=\"_blank\">\n              <div class=\"u-container-layout u-similar-container u-valign-bottom u-container-layout-2\">\n                <img decoding=\"async\" class=\"custom-expanded u-align-center u-image u-image-round u-radius u-image-2\" src=\"https:\/\/pagina.cacoal.ro.gov.br\/wp-content\/uploads\/2024\/02\/Estatuto-da-Cidade-705x1024-1.png\" data-image-width=\"705\" data-image-height=\"1024\" data-animation-name=\"fadeIn\" data-animation-duration=\"1000\" data-animation-delay=\"0\">\n              <\/div>\n            <\/div>\n            <div class=\"u-container-style u-list-item u-repeater-item\" data-href=\"https:\/\/pagina.cacoal.ro.gov.br\/wp-content\/uploads\/2024\/02\/cadernos-cidade.pdf\" data-target=\"_blank\">\n              <div class=\"u-container-layout u-similar-container u-valign-bottom u-container-layout-3\">\n                <img decoding=\"async\" class=\"custom-expanded u-align-center u-image u-image-round u-radius u-image-3\" src=\"https:\/\/pagina.cacoal.ro.gov.br\/wp-content\/uploads\/2024\/02\/Politica-Nacional-de-Desenvolvimento-Urbano.png\" data-image-width=\"600\" data-image-height=\"949\" data-animation-name=\"fadeIn\" data-animation-duration=\"1000\" data-animation-delay=\"0\">\n              <\/div>\n            <\/div>\n            <div class=\"u-container-style u-list-item u-repeater-item\" data-href=\"https:\/\/pagina.cacoal.ro.gov.br\/wp-content\/uploads\/2024\/02\/Estatuto-da-Cidade-Toshio-Mukai.pdf\" data-target=\"_blank\">\n              <div class=\"u-container-layout u-similar-container u-valign-bottom u-container-layout-4\">\n                <img decoding=\"async\" class=\"custom-expanded u-align-center u-image u-image-round u-radius u-image-4\" src=\"https:\/\/pagina.cacoal.ro.gov.br\/wp-content\/uploads\/2024\/02\/O-Estatuto-da-Cidade-706x1024-1.png\" data-image-width=\"706\" data-image-height=\"1024\" data-animation-name=\"fadeIn\" data-animation-duration=\"1000\" data-animation-delay=\"0\">\n              <\/div>\n            <\/div>\n            <div class=\"u-container-style u-list-item u-repeater-item\" data-href=\"https:\/\/pagina.cacoal.ro.gov.br\/wp-content\/uploads\/2024\/02\/Cidades para pessoa.pdf\" data-target=\"_blank\">\n              <div class=\"u-container-layout u-similar-container u-valign-bottom u-container-layout-5\">\n                <img decoding=\"async\" class=\"custom-expanded u-align-center u-image u-image-round u-radius u-image-5\" src=\"https:\/\/pagina.cacoal.ro.gov.br\/wp-content\/uploads\/2024\/02\/Cidades-para-Pessoas-Jan-Gehl.png\" data-image-width=\"595\" data-image-height=\"842\" data-animation-name=\"fadeIn\" data-animation-duration=\"1000\" data-animation-delay=\"0\">\n              <\/div>\n            <\/div>\n            <div class=\"u-container-style u-list-item u-repeater-item\" data-href=\"https:\/\/pagina.cacoal.ro.gov.br\/wp-content\/uploads\/2024\/02\/plano-diretor-cidades.pdf\" data-target=\"_blank\">\n              <div class=\"u-container-layout u-similar-container u-valign-bottom u-container-layout-6\">\n                <img decoding=\"async\" class=\"custom-expanded u-align-center u-image u-image-round u-radius u-image-6\" src=\"https:\/\/pagina.cacoal.ro.gov.br\/wp-content\/uploads\/2024\/02\/Os-Planos-Diretores-Municipais-Pos-Estatuto-da-Cidade-685x1024-1.jpg\" data-image-width=\"685\" data-image-height=\"1024\" data-animation-name=\"fadeIn\" data-animation-duration=\"1000\" data-animation-delay=\"0\">\n              <\/div>\n            <\/div>\n            <div class=\"u-container-style u-list-item u-repeater-item\" data-href=\"https:\/\/pagina.cacoal.ro.gov.br\/wp-content\/uploads\/2024\/02\/abnt-9050.pdf\" data-target=\"_blank\">\n              <div class=\"u-container-layout u-similar-container u-valign-bottom u-container-layout-7\">\n                <img decoding=\"async\" class=\"custom-expanded u-align-center u-image u-image-round u-radius u-image-7\" src=\"https:\/\/pagina.cacoal.ro.gov.br\/wp-content\/uploads\/2024\/02\/NBR-9050-2020-724x1024-1.png\" data-image-width=\"724\" data-image-height=\"1024\" data-animation-name=\"fadeIn\" data-animation-duration=\"1000\" data-animation-delay=\"0\">\n              <\/div>\n            <\/div>\n            <div class=\"u-container-style u-list-item u-repeater-item\" data-href=\"https:\/\/pagina.cacoal.ro.gov.br\/wp-content\/uploads\/2024\/02\/mobilidade-urbana.pdf\" data-target=\"_blank\">\n              <div class=\"u-container-layout u-similar-container u-valign-bottom u-container-layout-8\">\n                <img decoding=\"async\" class=\"custom-expanded u-align-center u-image u-image-round u-radius u-image-8\" src=\"https:\/\/pagina.cacoal.ro.gov.br\/wp-content\/uploads\/2024\/02\/Politica-Nacional-de-Mobilidade-Urbana-724x1024-1.png\" data-image-width=\"724\" data-image-height=\"1024\" data-animation-name=\"fadeIn\" data-animation-duration=\"1000\" data-animation-delay=\"0\">\n              <\/div>\n            <\/div>\n            <div class=\"u-container-style u-list-item u-repeater-item\" data-href=\"https:\/\/pagina.cacoal.ro.gov.br\/wp-content\/uploads\/2024\/02\/marco-saneamento-basico.pdf\" data-target=\"_blank\">\n              <div class=\"u-container-layout u-similar-container u-valign-bottom u-container-layout-9\">\n                <img decoding=\"async\" class=\"custom-expanded u-align-center u-image u-image-round u-radius u-image-9\" src=\"https:\/\/pagina.cacoal.ro.gov.br\/wp-content\/uploads\/2024\/02\/O-Novo-Marco-Regulatorio-do-Saneamento-Basico.png\" data-image-width=\"583\" data-image-height=\"807\" data-animation-name=\"fadeIn\" data-animation-duration=\"1000\" data-animation-delay=\"0\">\n              <\/div>\n            <\/div>\n          <\/div>\n        <\/div>\n      <\/div>\n    <\/section>\n    \n    \n    \n    \n  \n<\/div>","protected":false},"excerpt":{"rendered":"<p>Confira abaixo a biblioteca de documentos do processo de revis\u00e3o do Plano Diretor Municipal dispon\u00edveis para download. Para ter acesso aos produtos basta clicar sobre a imagem referente ao arquivo. &#8230;<\/p>\n","protected":false},"author":1,"featured_media":0,"parent":0,"menu_order":0,"comment_status":"closed","ping_status":"closed","template":"","meta":{"footnotes":""},"_links":{"self":[{"href":"https:\/\/pagina.cacoal.ro.gov.br\/index.php?rest_route=\/wp\/v2\/pages\/1472"}],"collection":[{"href":"https:\/\/pagina.cacoal.ro.gov.br\/index.php?rest_route=\/wp\/v2\/pages"}],"about":[{"href":"https:\/\/pagina.cacoal.ro.gov.br\/index.php?rest_route=\/wp\/v2\/types\/page"}],"author":[{"embeddable":true,"href":"https:\/\/pagina.cacoal.ro.gov.br\/index.php?rest_route=\/wp\/v2\/users\/1"}],"replies":[{"embeddable":true,"href":"https:\/\/pagina.cacoal.ro.gov.br\/index.php?rest_route=%2Fwp%2Fv2%2Fcomments&post=1472"}],"version-history":[{"count":5,"href":"https:\/\/pagina.cacoal.ro.gov.br\/index.php?rest_route=\/wp\/v2\/pages\/1472\/revisions"}],"predecessor-version":[{"id":1537,"href":"https:\/\/pagina.cacoal.ro.gov.br\/index.php?rest_route=\/wp\/v2\/pages\/1472\/revisions\/1537"}],"wp:attachment":[{"href":"https:\/\/pagina.cacoal.ro.gov.br\/index.php?rest_route=%2Fwp%2Fv2%2Fmedia&parent=1472"}],"curies":[{"name":"wp","href":"https:\/\/api.w.org\/{rel}","templated":true}]}}